{"id":154,"date":"2026-01-21T13:09:32","date_gmt":"2026-01-21T12:09:32","guid":{"rendered":"http:\/\/drawsko.blinked.pl\/stronarowerowa.pl\/?product=rower-kross-trans-1-0"},"modified":"2026-01-21T14:28:33","modified_gmt":"2026-01-21T13:28:33","slug":"rower-kross-trans-1-0","status":"publish","type":"product","link":"https:\/\/stronarowerowa.pl\/?product=rower-kross-trans-1-0","title":{"rendered":"Rower KROSS TRANS 1.0"},"content":{"rendered":"<h1>TRANS 1.0 &#8211; Wszechstronny rower trekkingowy od KROSS<\/h1>\n<h2>Innowacyjna konstrukcja<\/h2>\n<p>KROSS Trans 1.0 wyposa\u017cony jest w lekk\u0105 ram\u0119 aluminiow\u0105 wykonan\u0105 z wysokiej jako\u015bci stopu aluminium 6061. Ten materia\u0142 \u0142\u0105czy w sobie sztywno\u015b\u0107 i odporno\u015b\u0107 na uszkodzenia, co zapewnia d\u0142u\u017cszy okres u\u017cytkowania. Dodatkowo, rama jest malowana proszkowo, co znacz\u0105co zwi\u0119ksza jej odporno\u015b\u0107 na zarysowania i mechaniczne uszkodzenia. Takie rozwi\u0105zanie sprawia, \u017ce rower zyskuje zar\u00f3wno na estetyce, jak i funkcjonalno\u015bci.<\/p>\n<h3>Komfort jazdy w ka\u017cdym terenie<\/h3>\n<p>Amortyzowany widelec o skoku 30 mm jest kolejnym atutem KROSS Trans 1.0. Dzi\u0119ki niemu mo\u017cna z \u0142atwo\u015bci\u0105 pokonywa\u0107 nier\u00f3wno\u015bci, takie jak kraw\u0119\u017cniki, kamienie czy korzenie. Amortyzacja doskonale sprawdza si\u0119 zar\u00f3wno na miejskich chodnikach, jak i w bardziej wymagaj\u0105cym terenie, co czyni ten rower idealnym wyborem dla mi\u0142o\u015bnik\u00f3w przyg\u00f3d.<\/p>\n<h2>Zaawansowany system nap\u0119dowy<\/h2>\n<p>Rower KROSS Trans 1.0 zosta\u0142 wyposa\u017cony w nap\u0119d Shimano w systemie 3&#215;7, co gwarantuje \u0142atwe i p\u0142ynne dostosowanie prze\u0142o\u017ce\u0144 do warunk\u00f3w panuj\u0105cych na trasie. Tylna przerzutka z serii Tourney to gwarancja trwa\u0142o\u015bci i responsywno\u015bci, dzi\u0119ki czemuZmiana prze\u0142o\u017ce\u0144 jest szybka i intuicyjna. Niezale\u017cnie od nachylenia terenu, rowerzysta mo\u017ce cieszy\u0107 si\u0119 bezproblemow\u0105 jazd\u0105.<\/p>\n<h3>Skuteczne hamulce dla bezpiecze\u0144stwa<\/h3>\n<p>Hamulce v-brake, zastosowane w modelu KROSS Trans 1.0, to sprawdzone rozwi\u0105zanie, kt\u00f3re zapewnia wysoka si\u0142\u0119 hamowania w r\u00f3\u017cnych warunkach atmosferycznych. S\u0105 prostsze i ta\u0144sze w eksploatacji ni\u017c hamulce tarczowe, a jednocze\u015bnie skutecznie zatrzymuj\u0105 rower, co wp\u0142ywa na bezpiecze\u0144stwo podczas jazdy.<\/p>\n<h2>Praktyczne dodatki rowerowe<\/h2>\n<p>Rower KROSS Trans 1.0 jest wyposa\u017cony w wiele praktycznych akcesori\u00f3w, kt\u00f3re u\u0142atwiaj\u0105 codzienne u\u017cytkowanie. Zintegrowane o\u015bwietlenie jest nieocenione podczas jazdy po zmroku, a wysokiej jako\u015bci siode\u0142ko zapewnia komfort nawet na d\u0142ugich trasach. Dodatkowo, solidny baga\u017cnik umo\u017cliwia przewo\u017cenie niezb\u0119dnego ekwipunku, a jego wytrzyma\u0142a konstrukcja sprawia, \u017ce mo\u017cna z powodzeniem transportowa\u0107 r\u00f3wnie\u017c ci\u0119\u017csze przedmioty.<\/p>\n<h3>Ochrona przed zabrudzeniami<\/h3>\n<p>System pe\u0142nych b\u0142otnik\u00f3w to kolejne praktyczne rozwi\u0105zanie, kt\u00f3re zapewnia ochron\u0119 przed b\u0142otem i brudem, gdy poruszamy si\u0119 w trudnych warunkach atmosferycznych. Dzi\u0119ki temu rowerzysta mo\u017ce cieszy\u0107 si\u0119 czyst\u0105 odzie\u017c\u0105, a tak\u017ce znacznie mniejszymi trudno\u015bciami podczas konserwacji roweru.<\/p>\n<h2>Technologie wspieraj\u0105ce podr\u00f3\u017cowanie<\/h2>\n<p>KROSS Trans 1.0 to nie tylko rower, ale r\u00f3wnie\u017c technologiczne wsparcie na ka\u017cdej trasie. Wytrzyma\u0142y tylny baga\u017cnik o konstrukcji Hi-Strength Carry Rack umo\u017cliwia bezpieczne przewo\u017cenie baga\u017cu, a system wymiennych hak\u00f3w RHS sprawia, \u017ce w przypadku uszkodzenia ramy nie trzeba si\u0119 martwi\u0107 o d\u0142ugi czas naprawy \u2013 wymiana jest szybka i \u0142atwa.<\/p>\n<h3>Trwa\u0142o\u015b\u0107 i niezawodno\u015b\u0107<\/h3>\n<p>Dzi\u0119ki po\u0142\u0105czeniu nowoczesnych technologii oraz wysokiej jako\u015bci materia\u0142\u00f3w, KROSS Trans 1.0 to rower, kt\u00f3ry spe\u0142nia oczekiwania r\u00f3\u017cnych u\u017cytkownik\u00f3w. Niezale\u017cnie od tego, czy s\u0105 to wyjazdy weekendowe, czy dojazdy do pracy w miejskich warunkach, ten model zapewnia komfort, bezpiecze\u0144stwo oraz niezawodno\u015b\u0107.<\/p>\n<h2>Ostateczna rekomendacja<\/h2>\n<p>KROSS Trans 1.0 to wszechstronny rower trekkingowy, kt\u00f3ry \u0142\u0105czy w sobie nowoczesne technologie i funkcjonalne rozwi\u0105zania. Jego wysoka jako\u015b\u0107 wykonania, komfort jazdy oraz praktyczne dodatki sprawiaj\u0105, \u017ce to doskona\u0142y wyb\u00f3r dla ka\u017cdego mi\u0142o\u015bnika dw\u00f3ch k\u00f3\u0142ek. Bez wzgl\u0119du na to, czy planujesz d\u0142ug\u0105 wypraw\u0119, czy codzienne dojazdy, KROSS Trans 1.0 sprosta Twoim oczekiwaniom i zapewni wiele rado\u015bci z jazdy.<\/p>\n<p><strong>Specyfikacja:<\/strong><a href=\"https:\/\/kross.pl\/trans-1-0-damski-bialy-szary-polysk\" rel=\"nofollow\">https:\/\/kross.pl\/trans-1-0-damski-bialy-szary-polysk<\/a><\/p>\n","protected":false},"excerpt":{"rendered":"<p>TRANS 1.0 &#8211; Wszechstronny rower trekkingowy od KROSS Innowacyjna konstrukcja KROSS Trans 1.0 wyposa\u017cony jest w lekk\u0105 ram\u0119 aluminiow\u0105 wykonan\u0105 z wysokiej jako\u015bci stopu aluminium 6061. Ten materia\u0142 \u0142\u0105czy w sobie sztywno\u015b\u0107 i odporno\u015b\u0107 na uszkodzenia, co zapewnia d\u0142u\u017cszy okres u\u017cytkowania. Dodatkowo, rama jest malowana proszkowo, co znacz\u0105co zwi\u0119ksza jej odporno\u015b\u0107 na zarysowania i mechaniczne<\/p>\n","protected":false},"featured_media":153,"comment_status":"open","ping_status":"closed","template":"","meta":[],"product_brand":[16],"product_cat":[42,30,29],"product_tag":[],"class_list":{"0":"post-154","1":"product","2":"type-product","3":"status-publish","4":"has-post-thumbnail","6":"product_brand-kross","7":"product_cat-rowery","8":"product_cat-trekking-2","9":"product_cat-turystyczne","11":"first","12":"instock","13":"shipping-taxable","14":"product-type-simple"},"yoast_head":"<!-- This site is optimized with the Yoast SEO plugin v26.8 - https:\/\/yoast.com\/product\/yoast-seo-wordpress\/ -->\n<title>Rower KROSS TRANS 1.0 - Strona rowerowa - ulubiona strona ka\u017cdego rowerzysty<\/title>\n<meta name=\"robots\" content=\"index, follow, max-snippet:-1, max-image-preview:large, max-video-preview:-1\" \/>\n<link rel=\"canonical\" href=\"https:\/\/stronarowerowa.pl\/?product=rower-kross-trans-1-0\" \/>\n<meta property=\"og:locale\" content=\"pl_PL\" \/>\n<meta property=\"og:type\" content=\"article\" \/>\n<meta property=\"og:title\" content=\"Rower KROSS TRANS 1.0 - Strona rowerowa - ulubiona strona ka\u017cdego rowerzysty\" \/>\n<meta property=\"og:description\" content=\"TRANS 1.0 &#8211; Wszechstronny rower trekkingowy od KROSS Innowacyjna konstrukcja KROSS Trans 1.0 wyposa\u017cony jest w lekk\u0105 ram\u0119 aluminiow\u0105 wykonan\u0105 z wysokiej jako\u015bci stopu aluminium 6061. Ten materia\u0142 \u0142\u0105czy w sobie sztywno\u015b\u0107 i odporno\u015b\u0107 na uszkodzenia, co zapewnia d\u0142u\u017cszy okres u\u017cytkowania. Dodatkowo, rama jest malowana proszkowo, co znacz\u0105co zwi\u0119ksza jej odporno\u015b\u0107 na zarysowania i mechaniczne\" \/>\n<meta property=\"og:url\" content=\"https:\/\/stronarowerowa.pl\/?product=rower-kross-trans-1-0\" \/>\n<meta property=\"og:site_name\" content=\"Strona rowerowa - ulubiona strona ka\u017cdego rowerzysty\" \/>\n<meta property=\"article:modified_time\" content=\"2026-01-21T13:28:33+00:00\" \/>\n<meta property=\"og:image\" content=\"https:\/\/stronarowerowa.pl\/wp-content\/uploads\/2026\/01\/trans-10.jpg\" \/>\n\t<meta property=\"og:image:width\" content=\"950\" \/>\n\t<meta property=\"og:image:height\" content=\"720\" \/>\n\t<meta property=\"og:image:type\" content=\"image\/jpeg\" \/>\n<meta name=\"twitter:card\" content=\"summary_large_image\" \/>\n<meta name=\"twitter:label1\" content=\"Szacowany czas czytania\" \/>\n\t<meta name=\"twitter:data1\" content=\"3 minuty\" \/>\n<script type=\"application\/ld+json\" class=\"yoast-schema-graph\">{\"@context\":\"https:\/\/schema.org\",\"@graph\":[{\"@type\":\"WebPage\",\"@id\":\"https:\/\/stronarowerowa.pl\/?product=rower-kross-trans-1-0\",\"url\":\"https:\/\/stronarowerowa.pl\/?product=rower-kross-trans-1-0\",\"name\":\"Rower KROSS TRANS 1.0 - Strona rowerowa - ulubiona strona ka\u017cdego rowerzysty\",\"isPartOf\":{\"@id\":\"https:\/\/stronarowerowa.pl\/#website\"},\"primaryImageOfPage\":{\"@id\":\"https:\/\/stronarowerowa.pl\/?product=rower-kross-trans-1-0#primaryimage\"},\"image\":{\"@id\":\"https:\/\/stronarowerowa.pl\/?product=rower-kross-trans-1-0#primaryimage\"},\"thumbnailUrl\":\"https:\/\/stronarowerowa.pl\/wp-content\/uploads\/2026\/01\/trans-10.jpg\",\"datePublished\":\"2026-01-21T12:09:32+00:00\",\"dateModified\":\"2026-01-21T13:28:33+00:00\",\"breadcrumb\":{\"@id\":\"https:\/\/stronarowerowa.pl\/?product=rower-kross-trans-1-0#breadcrumb\"},\"inLanguage\":\"pl-PL\",\"potentialAction\":[{\"@type\":\"ReadAction\",\"target\":[\"https:\/\/stronarowerowa.pl\/?product=rower-kross-trans-1-0\"]}]},{\"@type\":\"ImageObject\",\"inLanguage\":\"pl-PL\",\"@id\":\"https:\/\/stronarowerowa.pl\/?product=rower-kross-trans-1-0#primaryimage\",\"url\":\"https:\/\/stronarowerowa.pl\/wp-content\/uploads\/2026\/01\/trans-10.jpg\",\"contentUrl\":\"https:\/\/stronarowerowa.pl\/wp-content\/uploads\/2026\/01\/trans-10.jpg\",\"width\":950,\"height\":720},{\"@type\":\"BreadcrumbList\",\"@id\":\"https:\/\/stronarowerowa.pl\/?product=rower-kross-trans-1-0#breadcrumb\",\"itemListElement\":[{\"@type\":\"ListItem\",\"position\":1,\"name\":\"Strona g\u0142\u00f3wna\",\"item\":\"https:\/\/stronarowerowa.pl\/\"},{\"@type\":\"ListItem\",\"position\":2,\"name\":\"Rower KROSS TRANS 1.0\"}]},{\"@type\":\"WebSite\",\"@id\":\"https:\/\/stronarowerowa.pl\/#website\",\"url\":\"https:\/\/stronarowerowa.pl\/\",\"name\":\"Strona rowerowa - ulubiona strona ka\u017cdego rowerzysty\",\"description\":\"\",\"potentialAction\":[{\"@type\":\"SearchAction\",\"target\":{\"@type\":\"EntryPoint\",\"urlTemplate\":\"https:\/\/stronarowerowa.pl\/?s={search_term_string}\"},\"query-input\":{\"@type\":\"PropertyValueSpecification\",\"valueRequired\":true,\"valueName\":\"search_term_string\"}}],\"inLanguage\":\"pl-PL\"}]}<\/script>\n<!-- \/ Yoast SEO plugin. -->","yoast_head_json":{"title":"Rower KROSS TRANS 1.0 - Strona rowerowa - ulubiona strona ka\u017cdego rowerzysty","robots":{"index":"index","follow":"follow","max-snippet":"max-snippet:-1","max-image-preview":"max-image-preview:large","max-video-preview":"max-video-preview:-1"},"canonical":"https:\/\/stronarowerowa.pl\/?product=rower-kross-trans-1-0","og_locale":"pl_PL","og_type":"article","og_title":"Rower KROSS TRANS 1.0 - Strona rowerowa - ulubiona strona ka\u017cdego rowerzysty","og_description":"TRANS 1.0 &#8211; Wszechstronny rower trekkingowy od KROSS Innowacyjna konstrukcja KROSS Trans 1.0 wyposa\u017cony jest w lekk\u0105 ram\u0119 aluminiow\u0105 wykonan\u0105 z wysokiej jako\u015bci stopu aluminium 6061. Ten materia\u0142 \u0142\u0105czy w sobie sztywno\u015b\u0107 i odporno\u015b\u0107 na uszkodzenia, co zapewnia d\u0142u\u017cszy okres u\u017cytkowania. Dodatkowo, rama jest malowana proszkowo, co znacz\u0105co zwi\u0119ksza jej odporno\u015b\u0107 na zarysowania i mechaniczne","og_url":"https:\/\/stronarowerowa.pl\/?product=rower-kross-trans-1-0","og_site_name":"Strona rowerowa - ulubiona strona ka\u017cdego rowerzysty","article_modified_time":"2026-01-21T13:28:33+00:00","og_image":[{"width":950,"height":720,"url":"https:\/\/stronarowerowa.pl\/wp-content\/uploads\/2026\/01\/trans-10.jpg","type":"image\/jpeg"}],"twitter_card":"summary_large_image","twitter_misc":{"Szacowany czas czytania":"3 minuty"},"schema":{"@context":"https:\/\/schema.org","@graph":[{"@type":"WebPage","@id":"https:\/\/stronarowerowa.pl\/?product=rower-kross-trans-1-0","url":"https:\/\/stronarowerowa.pl\/?product=rower-kross-trans-1-0","name":"Rower KROSS TRANS 1.0 - Strona rowerowa - ulubiona strona ka\u017cdego rowerzysty","isPartOf":{"@id":"https:\/\/stronarowerowa.pl\/#website"},"primaryImageOfPage":{"@id":"https:\/\/stronarowerowa.pl\/?product=rower-kross-trans-1-0#primaryimage"},"image":{"@id":"https:\/\/stronarowerowa.pl\/?product=rower-kross-trans-1-0#primaryimage"},"thumbnailUrl":"https:\/\/stronarowerowa.pl\/wp-content\/uploads\/2026\/01\/trans-10.jpg","datePublished":"2026-01-21T12:09:32+00:00","dateModified":"2026-01-21T13:28:33+00:00","breadcrumb":{"@id":"https:\/\/stronarowerowa.pl\/?product=rower-kross-trans-1-0#breadcrumb"},"inLanguage":"pl-PL","potentialAction":[{"@type":"ReadAction","target":["https:\/\/stronarowerowa.pl\/?product=rower-kross-trans-1-0"]}]},{"@type":"ImageObject","inLanguage":"pl-PL","@id":"https:\/\/stronarowerowa.pl\/?product=rower-kross-trans-1-0#primaryimage","url":"https:\/\/stronarowerowa.pl\/wp-content\/uploads\/2026\/01\/trans-10.jpg","contentUrl":"https:\/\/stronarowerowa.pl\/wp-content\/uploads\/2026\/01\/trans-10.jpg","width":950,"height":720},{"@type":"BreadcrumbList","@id":"https:\/\/stronarowerowa.pl\/?product=rower-kross-trans-1-0#breadcrumb","itemListElement":[{"@type":"ListItem","position":1,"name":"Strona g\u0142\u00f3wna","item":"https:\/\/stronarowerowa.pl\/"},{"@type":"ListItem","position":2,"name":"Rower KROSS TRANS 1.0"}]},{"@type":"WebSite","@id":"https:\/\/stronarowerowa.pl\/#website","url":"https:\/\/stronarowerowa.pl\/","name":"Strona rowerowa - ulubiona strona ka\u017cdego rowerzysty","description":"","potentialAction":[{"@type":"SearchAction","target":{"@type":"EntryPoint","urlTemplate":"https:\/\/stronarowerowa.pl\/?s={search_term_string}"},"query-input":{"@type":"PropertyValueSpecification","valueRequired":true,"valueName":"search_term_string"}}],"inLanguage":"pl-PL"}]}},"_links":{"self":[{"href":"https:\/\/stronarowerowa.pl\/index.php?rest_route=\/wp\/v2\/product\/154","targetHints":{"allow":["GET"]}}],"collection":[{"href":"https:\/\/stronarowerowa.pl\/index.php?rest_route=\/wp\/v2\/product"}],"about":[{"href":"https:\/\/stronarowerowa.pl\/index.php?rest_route=\/wp\/v2\/types\/product"}],"replies":[{"embeddable":true,"href":"https:\/\/stronarowerowa.pl\/index.php?rest_route=%2Fwp%2Fv2%2Fcomments&post=154"}],"wp:featuredmedia":[{"embeddable":true,"href":"https:\/\/stronarowerowa.pl\/index.php?rest_route=\/wp\/v2\/media\/153"}],"wp:attachment":[{"href":"https:\/\/stronarowerowa.pl\/index.php?rest_route=%2Fwp%2Fv2%2Fmedia&parent=154"}],"wp:term":[{"taxonomy":"product_brand","embeddable":true,"href":"https:\/\/stronarowerowa.pl\/index.php?rest_route=%2Fwp%2Fv2%2Fproduct_brand&post=154"},{"taxonomy":"product_cat","embeddable":true,"href":"https:\/\/stronarowerowa.pl\/index.php?rest_route=%2Fwp%2Fv2%2Fproduct_cat&post=154"},{"taxonomy":"product_tag","embeddable":true,"href":"https:\/\/stronarowerowa.pl\/index.php?rest_route=%2Fwp%2Fv2%2Fproduct_tag&post=154"}],"curies":[{"name":"wp","href":"https:\/\/api.w.org\/{rel}","templated":true}]}}