{"id":215,"date":"2026-01-21T13:14:59","date_gmt":"2026-01-21T12:14:59","guid":{"rendered":"http:\/\/drawsko.blinked.pl\/stronarowerowa.pl\/?product=rower-kross-hexagon-1-0"},"modified":"2026-01-21T14:23:37","modified_gmt":"2026-01-21T13:23:37","slug":"rower-kross-hexagon-1-0","status":"publish","type":"product","link":"https:\/\/stronarowerowa.pl\/?product=rower-kross-hexagon-1-0","title":{"rendered":"Rower KROSS HEXAGON 1.0"},"content":{"rendered":"<h1>HEXAGON 1.0 &#8211; Rower G\u00f3rski, Kt\u00f3ry Odkryje Przed Tob\u0105 Nowe Tereny<\/h1>\n<h2>Unikalna Konstrukcja i Wydajno\u015b\u0107<\/h2>\n<p>KROSS Hexagon 1.0 to idealny rower MTB stworzony z my\u015bl\u0105 o osobach, kt\u00f3re pragn\u0105 pe\u0142nej przyjemno\u015bci z jazdy. Jego aluminiowa rama wykonana z materia\u0142u 6061 jest nie tylko lekka, ale tak\u017ce niezwykle wytrzyma\u0142a. Konstrukcja ta gwarantuje, \u017ce rower wytrzyma intensywn\u0105 eksploatacj\u0119 zar\u00f3wno w miejskich warunkach, jak i na trudniejszych trasach terenowych.<\/p>\n<p>Amortyzowany widelec o skoku 80 mm zapewnia komfort, co czyni go idealnym rozwi\u0105zaniem na wyboiste i nier\u00f3wne nawierzchnie. Dzi\u0119ki temu, nawet w trudnych warunkach, u\u017cytkownicy mog\u0105 cieszy\u0107 si\u0119 p\u0142ynn\u0105 jazd\u0105, nie martwi\u0105c si\u0119 o drgania czy wstrz\u0105sy.<\/p>\n<h2>Efektywno\u015b\u0107 Nap\u0119du i Precyzyjne Hamulce<\/h2>\n<p>Rowery g\u00f3rskie KROSS zawsze stawiaj\u0105 na efektywny osprz\u0119t. Hexagon 1.0 zaopatrzony jest w nap\u0119d Shimano w systemie 3&#215;7, co przek\u0142ada si\u0119 na p\u0142ynn\u0105 oraz precyzyjn\u0105 zmian\u0119 bieg\u00f3w. Dzi\u0119ki 21 prze\u0142o\u017ceniom, u\u017cytkownicy mog\u0105 \u0142atwo dostosowa\u0107 pr\u0119dko\u015b\u0107 roweru do warunk\u00f3w drogowych.<\/p>\n<p>Hamulce v-brake wyposa\u017cone w rower s\u0105 znane ze swojej efektywno\u015bci. Oferuj\u0105 one solidn\u0105 si\u0142\u0119 hamowania, co czyni je bardziej przewidywalnymi w r\u00f3\u017cnorodnych warunkach atmosferycznych. Co wi\u0119cej, hamulce te s\u0105 l\u017cejsze i prostsze w utrzymaniu ni\u017c alternatywne rozwi\u0105zania tarczowe, co wp\u0142ywa na ni\u017csze koszty eksploatacji.<\/p>\n<h2>Innowacyjne Technologie dla Optymalnej Jazdy<\/h2>\n<p>KROSS Hexagon 1.0 to wi\u0119cej ni\u017c tylko rower<\/p>\n","protected":false},"excerpt":{"rendered":"<p>HEXAGON 1.0 &#8211; Rower G\u00f3rski, Kt\u00f3ry Odkryje Przed Tob\u0105 Nowe Tereny Unikalna Konstrukcja i Wydajno\u015b\u0107 KROSS Hexagon 1.0 to idealny rower MTB stworzony z my\u015bl\u0105 o osobach, kt\u00f3re pragn\u0105 pe\u0142nej przyjemno\u015bci z jazdy. Jego aluminiowa rama wykonana z materia\u0142u 6061 jest nie tylko lekka, ale tak\u017ce niezwykle wytrzyma\u0142a. Konstrukcja ta gwarantuje, \u017ce rower wytrzyma intensywn\u0105<\/p>\n","protected":false},"featured_media":214,"comment_status":"open","ping_status":"closed","template":"","meta":[],"product_brand":[16],"product_cat":[27,31,42],"product_tag":[],"class_list":{"0":"post-215","1":"product","2":"type-product","3":"status-publish","4":"has-post-thumbnail","6":"product_brand-kross","7":"product_cat-gorskie-2","8":"product_cat-mtb","9":"product_cat-rowery","11":"first","12":"instock","13":"shipping-taxable","14":"product-type-simple"},"yoast_head":"<!-- This site is optimized with the Yoast SEO plugin v26.8 - https:\/\/yoast.com\/product\/yoast-seo-wordpress\/ -->\n<title>Rower KROSS HEXAGON 1.0 - Strona rowerowa - ulubiona strona ka\u017cdego rowerzysty<\/title>\n<meta name=\"robots\" content=\"index, follow, max-snippet:-1, max-image-preview:large, max-video-preview:-1\" \/>\n<link rel=\"canonical\" href=\"https:\/\/stronarowerowa.pl\/?product=rower-kross-hexagon-1-0\" \/>\n<meta property=\"og:locale\" content=\"pl_PL\" \/>\n<meta property=\"og:type\" content=\"article\" \/>\n<meta property=\"og:title\" content=\"Rower KROSS HEXAGON 1.0 - Strona rowerowa - ulubiona strona ka\u017cdego rowerzysty\" \/>\n<meta property=\"og:description\" content=\"HEXAGON 1.0 &#8211; Rower G\u00f3rski, Kt\u00f3ry Odkryje Przed Tob\u0105 Nowe Tereny Unikalna Konstrukcja i Wydajno\u015b\u0107 KROSS Hexagon 1.0 to idealny rower MTB stworzony z my\u015bl\u0105 o osobach, kt\u00f3re pragn\u0105 pe\u0142nej przyjemno\u015bci z jazdy. Jego aluminiowa rama wykonana z materia\u0142u 6061 jest nie tylko lekka, ale tak\u017ce niezwykle wytrzyma\u0142a. Konstrukcja ta gwarantuje, \u017ce rower wytrzyma intensywn\u0105\" \/>\n<meta property=\"og:url\" content=\"https:\/\/stronarowerowa.pl\/?product=rower-kross-hexagon-1-0\" \/>\n<meta property=\"og:site_name\" content=\"Strona rowerowa - ulubiona strona ka\u017cdego rowerzysty\" \/>\n<meta property=\"article:modified_time\" content=\"2026-01-21T13:23:37+00:00\" \/>\n<meta property=\"og:image\" content=\"https:\/\/stronarowerowa.pl\/wp-content\/uploads\/2026\/01\/hexagon-10.jpg\" \/>\n\t<meta property=\"og:image:width\" content=\"950\" \/>\n\t<meta property=\"og:image:height\" content=\"720\" \/>\n\t<meta property=\"og:image:type\" content=\"image\/jpeg\" \/>\n<meta name=\"twitter:card\" content=\"summary_large_image\" \/>\n<meta name=\"twitter:label1\" content=\"Szacowany czas czytania\" \/>\n\t<meta name=\"twitter:data1\" content=\"1 minuta\" \/>\n<script type=\"application\/ld+json\" class=\"yoast-schema-graph\">{\"@context\":\"https:\/\/schema.org\",\"@graph\":[{\"@type\":\"WebPage\",\"@id\":\"https:\/\/stronarowerowa.pl\/?product=rower-kross-hexagon-1-0\",\"url\":\"https:\/\/stronarowerowa.pl\/?product=rower-kross-hexagon-1-0\",\"name\":\"Rower KROSS HEXAGON 1.0 - Strona rowerowa - ulubiona strona ka\u017cdego rowerzysty\",\"isPartOf\":{\"@id\":\"https:\/\/stronarowerowa.pl\/#website\"},\"primaryImageOfPage\":{\"@id\":\"https:\/\/stronarowerowa.pl\/?product=rower-kross-hexagon-1-0#primaryimage\"},\"image\":{\"@id\":\"https:\/\/stronarowerowa.pl\/?product=rower-kross-hexagon-1-0#primaryimage\"},\"thumbnailUrl\":\"https:\/\/stronarowerowa.pl\/wp-content\/uploads\/2026\/01\/hexagon-10.jpg\",\"datePublished\":\"2026-01-21T12:14:59+00:00\",\"dateModified\":\"2026-01-21T13:23:37+00:00\",\"breadcrumb\":{\"@id\":\"https:\/\/stronarowerowa.pl\/?product=rower-kross-hexagon-1-0#breadcrumb\"},\"inLanguage\":\"pl-PL\",\"potentialAction\":[{\"@type\":\"ReadAction\",\"target\":[\"https:\/\/stronarowerowa.pl\/?product=rower-kross-hexagon-1-0\"]}]},{\"@type\":\"ImageObject\",\"inLanguage\":\"pl-PL\",\"@id\":\"https:\/\/stronarowerowa.pl\/?product=rower-kross-hexagon-1-0#primaryimage\",\"url\":\"https:\/\/stronarowerowa.pl\/wp-content\/uploads\/2026\/01\/hexagon-10.jpg\",\"contentUrl\":\"https:\/\/stronarowerowa.pl\/wp-content\/uploads\/2026\/01\/hexagon-10.jpg\",\"width\":950,\"height\":720},{\"@type\":\"BreadcrumbList\",\"@id\":\"https:\/\/stronarowerowa.pl\/?product=rower-kross-hexagon-1-0#breadcrumb\",\"itemListElement\":[{\"@type\":\"ListItem\",\"position\":1,\"name\":\"Strona g\u0142\u00f3wna\",\"item\":\"https:\/\/stronarowerowa.pl\/\"},{\"@type\":\"ListItem\",\"position\":2,\"name\":\"Rower KROSS HEXAGON 1.0\"}]},{\"@type\":\"WebSite\",\"@id\":\"https:\/\/stronarowerowa.pl\/#website\",\"url\":\"https:\/\/stronarowerowa.pl\/\",\"name\":\"Strona rowerowa - ulubiona strona ka\u017cdego rowerzysty\",\"description\":\"\",\"potentialAction\":[{\"@type\":\"SearchAction\",\"target\":{\"@type\":\"EntryPoint\",\"urlTemplate\":\"https:\/\/stronarowerowa.pl\/?s={search_term_string}\"},\"query-input\":{\"@type\":\"PropertyValueSpecification\",\"valueRequired\":true,\"valueName\":\"search_term_string\"}}],\"inLanguage\":\"pl-PL\"}]}<\/script>\n<!-- \/ Yoast SEO plugin. -->","yoast_head_json":{"title":"Rower KROSS HEXAGON 1.0 - Strona rowerowa - ulubiona strona ka\u017cdego rowerzysty","robots":{"index":"index","follow":"follow","max-snippet":"max-snippet:-1","max-image-preview":"max-image-preview:large","max-video-preview":"max-video-preview:-1"},"canonical":"https:\/\/stronarowerowa.pl\/?product=rower-kross-hexagon-1-0","og_locale":"pl_PL","og_type":"article","og_title":"Rower KROSS HEXAGON 1.0 - Strona rowerowa - ulubiona strona ka\u017cdego rowerzysty","og_description":"HEXAGON 1.0 &#8211; Rower G\u00f3rski, Kt\u00f3ry Odkryje Przed Tob\u0105 Nowe Tereny Unikalna Konstrukcja i Wydajno\u015b\u0107 KROSS Hexagon 1.0 to idealny rower MTB stworzony z my\u015bl\u0105 o osobach, kt\u00f3re pragn\u0105 pe\u0142nej przyjemno\u015bci z jazdy. Jego aluminiowa rama wykonana z materia\u0142u 6061 jest nie tylko lekka, ale tak\u017ce niezwykle wytrzyma\u0142a. Konstrukcja ta gwarantuje, \u017ce rower wytrzyma intensywn\u0105","og_url":"https:\/\/stronarowerowa.pl\/?product=rower-kross-hexagon-1-0","og_site_name":"Strona rowerowa - ulubiona strona ka\u017cdego rowerzysty","article_modified_time":"2026-01-21T13:23:37+00:00","og_image":[{"width":950,"height":720,"url":"https:\/\/stronarowerowa.pl\/wp-content\/uploads\/2026\/01\/hexagon-10.jpg","type":"image\/jpeg"}],"twitter_card":"summary_large_image","twitter_misc":{"Szacowany czas czytania":"1 minuta"},"schema":{"@context":"https:\/\/schema.org","@graph":[{"@type":"WebPage","@id":"https:\/\/stronarowerowa.pl\/?product=rower-kross-hexagon-1-0","url":"https:\/\/stronarowerowa.pl\/?product=rower-kross-hexagon-1-0","name":"Rower KROSS HEXAGON 1.0 - Strona rowerowa - ulubiona strona ka\u017cdego rowerzysty","isPartOf":{"@id":"https:\/\/stronarowerowa.pl\/#website"},"primaryImageOfPage":{"@id":"https:\/\/stronarowerowa.pl\/?product=rower-kross-hexagon-1-0#primaryimage"},"image":{"@id":"https:\/\/stronarowerowa.pl\/?product=rower-kross-hexagon-1-0#primaryimage"},"thumbnailUrl":"https:\/\/stronarowerowa.pl\/wp-content\/uploads\/2026\/01\/hexagon-10.jpg","datePublished":"2026-01-21T12:14:59+00:00","dateModified":"2026-01-21T13:23:37+00:00","breadcrumb":{"@id":"https:\/\/stronarowerowa.pl\/?product=rower-kross-hexagon-1-0#breadcrumb"},"inLanguage":"pl-PL","potentialAction":[{"@type":"ReadAction","target":["https:\/\/stronarowerowa.pl\/?product=rower-kross-hexagon-1-0"]}]},{"@type":"ImageObject","inLanguage":"pl-PL","@id":"https:\/\/stronarowerowa.pl\/?product=rower-kross-hexagon-1-0#primaryimage","url":"https:\/\/stronarowerowa.pl\/wp-content\/uploads\/2026\/01\/hexagon-10.jpg","contentUrl":"https:\/\/stronarowerowa.pl\/wp-content\/uploads\/2026\/01\/hexagon-10.jpg","width":950,"height":720},{"@type":"BreadcrumbList","@id":"https:\/\/stronarowerowa.pl\/?product=rower-kross-hexagon-1-0#breadcrumb","itemListElement":[{"@type":"ListItem","position":1,"name":"Strona g\u0142\u00f3wna","item":"https:\/\/stronarowerowa.pl\/"},{"@type":"ListItem","position":2,"name":"Rower KROSS HEXAGON 1.0"}]},{"@type":"WebSite","@id":"https:\/\/stronarowerowa.pl\/#website","url":"https:\/\/stronarowerowa.pl\/","name":"Strona rowerowa - ulubiona strona ka\u017cdego rowerzysty","description":"","potentialAction":[{"@type":"SearchAction","target":{"@type":"EntryPoint","urlTemplate":"https:\/\/stronarowerowa.pl\/?s={search_term_string}"},"query-input":{"@type":"PropertyValueSpecification","valueRequired":true,"valueName":"search_term_string"}}],"inLanguage":"pl-PL"}]}},"_links":{"self":[{"href":"https:\/\/stronarowerowa.pl\/index.php?rest_route=\/wp\/v2\/product\/215","targetHints":{"allow":["GET"]}}],"collection":[{"href":"https:\/\/stronarowerowa.pl\/index.php?rest_route=\/wp\/v2\/product"}],"about":[{"href":"https:\/\/stronarowerowa.pl\/index.php?rest_route=\/wp\/v2\/types\/product"}],"replies":[{"embeddable":true,"href":"https:\/\/stronarowerowa.pl\/index.php?rest_route=%2Fwp%2Fv2%2Fcomments&post=215"}],"wp:featuredmedia":[{"embeddable":true,"href":"https:\/\/stronarowerowa.pl\/index.php?rest_route=\/wp\/v2\/media\/214"}],"wp:attachment":[{"href":"https:\/\/stronarowerowa.pl\/index.php?rest_route=%2Fwp%2Fv2%2Fmedia&parent=215"}],"wp:term":[{"taxonomy":"product_brand","embeddable":true,"href":"https:\/\/stronarowerowa.pl\/index.php?rest_route=%2Fwp%2Fv2%2Fproduct_brand&post=215"},{"taxonomy":"product_cat","embeddable":true,"href":"https:\/\/stronarowerowa.pl\/index.php?rest_route=%2Fwp%2Fv2%2Fproduct_cat&post=215"},{"taxonomy":"product_tag","embeddable":true,"href":"https:\/\/stronarowerowa.pl\/index.php?rest_route=%2Fwp%2Fv2%2Fproduct_tag&post=215"}],"curies":[{"name":"wp","href":"https:\/\/api.w.org\/{rel}","templated":true}]}}