{"id":236,"date":"2026-01-21T13:16:52","date_gmt":"2026-01-21T12:16:52","guid":{"rendered":"http:\/\/drawsko.blinked.pl\/stronarowerowa.pl\/?product=rower-kross-liftie-20"},"modified":"2026-01-21T14:23:07","modified_gmt":"2026-01-21T13:23:07","slug":"rower-kross-liftie-20","status":"publish","type":"product","link":"https:\/\/stronarowerowa.pl\/?product=rower-kross-liftie-20","title":{"rendered":"Rower KROSS LIFTIE 20"},"content":{"rendered":"<h1>LIFTIE 20 &#8211; idealny rower dla dzieci<\/h1>\n<p>Rowery KROSS LIFTIE 20 to nowoczesne rozwi\u0105zanie dla rodzic\u00f3w, kt\u00f3rzy pragn\u0105 wprowadzi\u0107 swoje dzieci w \u015bwiat rowerowej pasji. Zbudowane z my\u015bl\u0105 o bezpiecze\u0144stwie i komforcie, te model oferuje wyj\u0105tkowe po\u0142\u0105czenie funkcjonalno\u015bci i \u0142atwo\u015bci obs\u0142ugi. To doskona\u0142y spos\u00f3b na promowanie zdrowego stylu \u017cycia od najm\u0142odszych lat.<\/p>\n<h2>Bezpiecze\u0144stwo i ergonomia na pierwszym miejscu<\/h2>\n<p>KROSS Liftie 20 zosta\u0142 zaprojektowany z my\u015bl\u0105 o potrzebach dzieci. Wszystkie elementy osprz\u0119tu zosta\u0142y starannie dobrane, aby zapewni\u0107 maksymalne bezpiecze\u0144stwo. Nap\u0119d 1&#215;7 umo\u017cliwia swobodne pokonywanie wzniesie\u0144, a jednocze\u015bnie zapewnia komfortow\u0105 jazd\u0119 po p\u0142askich trasach. Tylna przerzutka Shimano gwarantuje p\u0142ynne prze\u0142\u0105czanie bieg\u00f3w, co jest niezwykle istotne dla m\u0142odych cyklist\u00f3w.<\/p>\n<p>Hamulce v-brake to kolejny element, kt\u00f3ry zapewnia wysoki poziom bezpiecze\u0144stwa. Dzi\u0119ki swojej konstrukcji oferuj\u0105 one du\u017c\u0105 si\u0142\u0119 hamowania niezale\u017cnie od warunk\u00f3w panuj\u0105cych na drodze. S\u0105 l\u017cejsze i \u0142atwiejsze w obs\u0142udze ni\u017c hamulce tarczowe, co sprawia, \u017ce s\u0105 idealne dla pocz\u0105tkuj\u0105cych rowerzyst\u00f3w.<\/p>\n<h3>Kokpit dostosowany do dzieci<\/h3>\n<p>Jednym z kluczowych atut\u00f3w KROSS Liftie 20 jest regulowany kokpit. Dzi\u0119ki mo\u017cliwo\u015bci dostosowania po\u0142o\u017cenia kierownicy, dzieci mog\u0105 je\u017adzi\u0107 w wygodnej pozycji, co znacznie zwi\u0119ksza komfort podczas d\u0142u\u017cszych tras. Specjalne chwyty i klamki hamulcowe, kt\u00f3re s\u0105 dostosowane do ma\u0142ych d\u0142oni, umo\u017cliwiaj\u0105 bezpieczne manewrowanie rowerem i \u0142atwe hamowanie w ka\u017cdej sytuacji.<\/p>\n<h2>Wytrzyma\u0142a i lekka konstrukcja<\/h2>\n<p>Rama KROSS Liftie 20 wykonana jest z aluminium 6061, co zapewnia jej nie tylko sztywno\u015b\u0107, ale i odporno\u015b\u0107 na z\u0142amania. Cieniowana konstrukcja odchudza rower, nie wp\u0142ywaj\u0105c na jego wytrzyma\u0142o\u015b\u0107. Dzi\u0119ki temu, rower wa\u017cy jedynie 7,2 kg, co jest niezwykle wa\u017cne dla dzieci oraz ich rodzic\u00f3w przy transportowaniu i manewrowaniu pojazdem.<\/p>\n<p>Niski przekrok ramy zosta\u0142 zaprojektowany z my\u015bl\u0105 o \u0142atwo\u015bci wsiadania i zsiadania z roweru, co czyni KROSS Liftie 20 jeszcze bardziej przyjaznym dla najm\u0142odszych u\u017cytkownik\u00f3w. Opony o niskich oporach toczenia umo\u017cliwiaj\u0105 sprawne pokonywanie przeszk\u00f3d oraz stabilne prowadzenie roweru.<\/p>\n<h3>Komfort codziennego u\u017cytkowania<\/h3>\n<p>Dzi\u0119ki innowacyjnym rozwi\u0105zaniom, KROSS Liftie 20 to idealny rower dla dzieci, kt\u00f3re zaczynaj\u0105 swoj\u0105 przygod\u0119 z jazd\u0105 na dw\u00f3ch k\u00f3\u0142kach. \u0141atwa obs\u0142uga, ergonomiczny design oraz solidna konstrukcja sprawiaj\u0105, \u017ce ka\u017cdy przejazd staje si\u0119 przyjemno\u015bci\u0105.<\/p>\n<p>KROSS Liftie 20 to rower, kt\u00f3ry znakomicie \u0142\u0105czy w sobie wszystkie cechy, jakich oczekuj\u0105 rodzice oraz dzieci. To inwestycja w zdrowy styl \u017cycia, pi\u0119kne chwile sp\u0119dzone na \u015bwie\u017cym powietrzu oraz fundament pod przysz\u0142e sportowe pasje najm\u0142odszych.<\/p>\n<h2>Rado\u015b\u0107 z jazdy dla ka\u017cdego dziecka<\/h2>\n<p>Wybieraj\u0105c KROSS Liftie 20, inwestujesz w produkt zaprojektowany z my\u015bl\u0105 o dzieciach, kt\u00f3ry pozwoli im na rado\u015b\u0107 z jazdy oraz rozw\u00f3j umiej\u0119tno\u015bci rowerowych. Dzi\u0119ki po\u0142\u0105czeniu nowoczesnych technologii oraz przemy\u015blanej konstrukcji, rower ten stanie si\u0119 doskona\u0142ym towarzyszem w pierwszych rowerowych wyprawach.<\/p>\n<p><strong>Specyfikacja:<\/strong><a href=\"https:\/\/kross.pl\/liftie-20-pomaranczowy-czarny-polysk\" rel=\"nofollow\">https:\/\/kross.pl\/liftie-20-pomaranczowy-czarny-polysk<\/a><\/p>\n","protected":false},"excerpt":{"rendered":"<p>LIFTIE 20 &#8211; idealny rower dla dzieci Rowery KROSS LIFTIE 20 to nowoczesne rozwi\u0105zanie dla rodzic\u00f3w, kt\u00f3rzy pragn\u0105 wprowadzi\u0107 swoje dzieci w \u015bwiat rowerowej pasji. Zbudowane z my\u015bl\u0105 o bezpiecze\u0144stwie i komforcie, te model oferuje wyj\u0105tkowe po\u0142\u0105czenie funkcjonalno\u015bci i \u0142atwo\u015bci obs\u0142ugi. To doskona\u0142y spos\u00f3b na promowanie zdrowego stylu \u017cycia od najm\u0142odszych lat. Bezpiecze\u0144stwo i ergonomia<\/p>\n","protected":false},"featured_media":235,"comment_status":"open","ping_status":"closed","template":"","meta":[],"product_brand":[16],"product_cat":[38,42],"product_tag":[],"class_list":{"0":"post-236","1":"product","2":"type-product","3":"status-publish","4":"has-post-thumbnail","6":"product_brand-kross","7":"product_cat-dzieciece","8":"product_cat-rowery","10":"first","11":"instock","12":"shipping-taxable","13":"product-type-simple"},"yoast_head":"<!-- This site is optimized with the Yoast SEO plugin v26.8 - https:\/\/yoast.com\/product\/yoast-seo-wordpress\/ -->\n<title>Rower KROSS LIFTIE 20 - Strona rowerowa - ulubiona strona ka\u017cdego rowerzysty<\/title>\n<meta name=\"robots\" content=\"index, follow, max-snippet:-1, max-image-preview:large, max-video-preview:-1\" \/>\n<link rel=\"canonical\" href=\"https:\/\/stronarowerowa.pl\/?product=rower-kross-liftie-20\" \/>\n<meta property=\"og:locale\" content=\"pl_PL\" \/>\n<meta property=\"og:type\" content=\"article\" \/>\n<meta property=\"og:title\" content=\"Rower KROSS LIFTIE 20 - Strona rowerowa - ulubiona strona ka\u017cdego rowerzysty\" \/>\n<meta property=\"og:description\" content=\"LIFTIE 20 &#8211; idealny rower dla dzieci Rowery KROSS LIFTIE 20 to nowoczesne rozwi\u0105zanie dla rodzic\u00f3w, kt\u00f3rzy pragn\u0105 wprowadzi\u0107 swoje dzieci w \u015bwiat rowerowej pasji. Zbudowane z my\u015bl\u0105 o bezpiecze\u0144stwie i komforcie, te model oferuje wyj\u0105tkowe po\u0142\u0105czenie funkcjonalno\u015bci i \u0142atwo\u015bci obs\u0142ugi. To doskona\u0142y spos\u00f3b na promowanie zdrowego stylu \u017cycia od najm\u0142odszych lat. Bezpiecze\u0144stwo i ergonomia\" \/>\n<meta property=\"og:url\" content=\"https:\/\/stronarowerowa.pl\/?product=rower-kross-liftie-20\" \/>\n<meta property=\"og:site_name\" content=\"Strona rowerowa - ulubiona strona ka\u017cdego rowerzysty\" \/>\n<meta property=\"article:modified_time\" content=\"2026-01-21T13:23:07+00:00\" \/>\n<meta property=\"og:image\" content=\"https:\/\/stronarowerowa.pl\/wp-content\/uploads\/2026\/01\/liftie-20.jpg\" \/>\n\t<meta property=\"og:image:width\" content=\"950\" \/>\n\t<meta property=\"og:image:height\" content=\"720\" \/>\n\t<meta property=\"og:image:type\" content=\"image\/jpeg\" \/>\n<meta name=\"twitter:card\" content=\"summary_large_image\" \/>\n<meta name=\"twitter:label1\" content=\"Szacowany czas czytania\" \/>\n\t<meta name=\"twitter:data1\" content=\"2 minuty\" \/>\n<script type=\"application\/ld+json\" class=\"yoast-schema-graph\">{\"@context\":\"https:\/\/schema.org\",\"@graph\":[{\"@type\":\"WebPage\",\"@id\":\"https:\/\/stronarowerowa.pl\/?product=rower-kross-liftie-20\",\"url\":\"https:\/\/stronarowerowa.pl\/?product=rower-kross-liftie-20\",\"name\":\"Rower KROSS LIFTIE 20 - Strona rowerowa - ulubiona strona ka\u017cdego rowerzysty\",\"isPartOf\":{\"@id\":\"https:\/\/stronarowerowa.pl\/#website\"},\"primaryImageOfPage\":{\"@id\":\"https:\/\/stronarowerowa.pl\/?product=rower-kross-liftie-20#primaryimage\"},\"image\":{\"@id\":\"https:\/\/stronarowerowa.pl\/?product=rower-kross-liftie-20#primaryimage\"},\"thumbnailUrl\":\"https:\/\/stronarowerowa.pl\/wp-content\/uploads\/2026\/01\/liftie-20.jpg\",\"datePublished\":\"2026-01-21T12:16:52+00:00\",\"dateModified\":\"2026-01-21T13:23:07+00:00\",\"breadcrumb\":{\"@id\":\"https:\/\/stronarowerowa.pl\/?product=rower-kross-liftie-20#breadcrumb\"},\"inLanguage\":\"pl-PL\",\"potentialAction\":[{\"@type\":\"ReadAction\",\"target\":[\"https:\/\/stronarowerowa.pl\/?product=rower-kross-liftie-20\"]}]},{\"@type\":\"ImageObject\",\"inLanguage\":\"pl-PL\",\"@id\":\"https:\/\/stronarowerowa.pl\/?product=rower-kross-liftie-20#primaryimage\",\"url\":\"https:\/\/stronarowerowa.pl\/wp-content\/uploads\/2026\/01\/liftie-20.jpg\",\"contentUrl\":\"https:\/\/stronarowerowa.pl\/wp-content\/uploads\/2026\/01\/liftie-20.jpg\",\"width\":950,\"height\":720},{\"@type\":\"BreadcrumbList\",\"@id\":\"https:\/\/stronarowerowa.pl\/?product=rower-kross-liftie-20#breadcrumb\",\"itemListElement\":[{\"@type\":\"ListItem\",\"position\":1,\"name\":\"Strona g\u0142\u00f3wna\",\"item\":\"https:\/\/stronarowerowa.pl\/\"},{\"@type\":\"ListItem\",\"position\":2,\"name\":\"Rower KROSS LIFTIE 20\"}]},{\"@type\":\"WebSite\",\"@id\":\"https:\/\/stronarowerowa.pl\/#website\",\"url\":\"https:\/\/stronarowerowa.pl\/\",\"name\":\"Strona rowerowa - ulubiona strona ka\u017cdego rowerzysty\",\"description\":\"\",\"potentialAction\":[{\"@type\":\"SearchAction\",\"target\":{\"@type\":\"EntryPoint\",\"urlTemplate\":\"https:\/\/stronarowerowa.pl\/?s={search_term_string}\"},\"query-input\":{\"@type\":\"PropertyValueSpecification\",\"valueRequired\":true,\"valueName\":\"search_term_string\"}}],\"inLanguage\":\"pl-PL\"}]}<\/script>\n<!-- \/ Yoast SEO plugin. -->","yoast_head_json":{"title":"Rower KROSS LIFTIE 20 - Strona rowerowa - ulubiona strona ka\u017cdego rowerzysty","robots":{"index":"index","follow":"follow","max-snippet":"max-snippet:-1","max-image-preview":"max-image-preview:large","max-video-preview":"max-video-preview:-1"},"canonical":"https:\/\/stronarowerowa.pl\/?product=rower-kross-liftie-20","og_locale":"pl_PL","og_type":"article","og_title":"Rower KROSS LIFTIE 20 - Strona rowerowa - ulubiona strona ka\u017cdego rowerzysty","og_description":"LIFTIE 20 &#8211; idealny rower dla dzieci Rowery KROSS LIFTIE 20 to nowoczesne rozwi\u0105zanie dla rodzic\u00f3w, kt\u00f3rzy pragn\u0105 wprowadzi\u0107 swoje dzieci w \u015bwiat rowerowej pasji. Zbudowane z my\u015bl\u0105 o bezpiecze\u0144stwie i komforcie, te model oferuje wyj\u0105tkowe po\u0142\u0105czenie funkcjonalno\u015bci i \u0142atwo\u015bci obs\u0142ugi. To doskona\u0142y spos\u00f3b na promowanie zdrowego stylu \u017cycia od najm\u0142odszych lat. Bezpiecze\u0144stwo i ergonomia","og_url":"https:\/\/stronarowerowa.pl\/?product=rower-kross-liftie-20","og_site_name":"Strona rowerowa - ulubiona strona ka\u017cdego rowerzysty","article_modified_time":"2026-01-21T13:23:07+00:00","og_image":[{"width":950,"height":720,"url":"https:\/\/stronarowerowa.pl\/wp-content\/uploads\/2026\/01\/liftie-20.jpg","type":"image\/jpeg"}],"twitter_card":"summary_large_image","twitter_misc":{"Szacowany czas czytania":"2 minuty"},"schema":{"@context":"https:\/\/schema.org","@graph":[{"@type":"WebPage","@id":"https:\/\/stronarowerowa.pl\/?product=rower-kross-liftie-20","url":"https:\/\/stronarowerowa.pl\/?product=rower-kross-liftie-20","name":"Rower KROSS LIFTIE 20 - Strona rowerowa - ulubiona strona ka\u017cdego rowerzysty","isPartOf":{"@id":"https:\/\/stronarowerowa.pl\/#website"},"primaryImageOfPage":{"@id":"https:\/\/stronarowerowa.pl\/?product=rower-kross-liftie-20#primaryimage"},"image":{"@id":"https:\/\/stronarowerowa.pl\/?product=rower-kross-liftie-20#primaryimage"},"thumbnailUrl":"https:\/\/stronarowerowa.pl\/wp-content\/uploads\/2026\/01\/liftie-20.jpg","datePublished":"2026-01-21T12:16:52+00:00","dateModified":"2026-01-21T13:23:07+00:00","breadcrumb":{"@id":"https:\/\/stronarowerowa.pl\/?product=rower-kross-liftie-20#breadcrumb"},"inLanguage":"pl-PL","potentialAction":[{"@type":"ReadAction","target":["https:\/\/stronarowerowa.pl\/?product=rower-kross-liftie-20"]}]},{"@type":"ImageObject","inLanguage":"pl-PL","@id":"https:\/\/stronarowerowa.pl\/?product=rower-kross-liftie-20#primaryimage","url":"https:\/\/stronarowerowa.pl\/wp-content\/uploads\/2026\/01\/liftie-20.jpg","contentUrl":"https:\/\/stronarowerowa.pl\/wp-content\/uploads\/2026\/01\/liftie-20.jpg","width":950,"height":720},{"@type":"BreadcrumbList","@id":"https:\/\/stronarowerowa.pl\/?product=rower-kross-liftie-20#breadcrumb","itemListElement":[{"@type":"ListItem","position":1,"name":"Strona g\u0142\u00f3wna","item":"https:\/\/stronarowerowa.pl\/"},{"@type":"ListItem","position":2,"name":"Rower KROSS LIFTIE 20"}]},{"@type":"WebSite","@id":"https:\/\/stronarowerowa.pl\/#website","url":"https:\/\/stronarowerowa.pl\/","name":"Strona rowerowa - ulubiona strona ka\u017cdego rowerzysty","description":"","potentialAction":[{"@type":"SearchAction","target":{"@type":"EntryPoint","urlTemplate":"https:\/\/stronarowerowa.pl\/?s={search_term_string}"},"query-input":{"@type":"PropertyValueSpecification","valueRequired":true,"valueName":"search_term_string"}}],"inLanguage":"pl-PL"}]}},"_links":{"self":[{"href":"https:\/\/stronarowerowa.pl\/index.php?rest_route=\/wp\/v2\/product\/236","targetHints":{"allow":["GET"]}}],"collection":[{"href":"https:\/\/stronarowerowa.pl\/index.php?rest_route=\/wp\/v2\/product"}],"about":[{"href":"https:\/\/stronarowerowa.pl\/index.php?rest_route=\/wp\/v2\/types\/product"}],"replies":[{"embeddable":true,"href":"https:\/\/stronarowerowa.pl\/index.php?rest_route=%2Fwp%2Fv2%2Fcomments&post=236"}],"wp:featuredmedia":[{"embeddable":true,"href":"https:\/\/stronarowerowa.pl\/index.php?rest_route=\/wp\/v2\/media\/235"}],"wp:attachment":[{"href":"https:\/\/stronarowerowa.pl\/index.php?rest_route=%2Fwp%2Fv2%2Fmedia&parent=236"}],"wp:term":[{"taxonomy":"product_brand","embeddable":true,"href":"https:\/\/stronarowerowa.pl\/index.php?rest_route=%2Fwp%2Fv2%2Fproduct_brand&post=236"},{"taxonomy":"product_cat","embeddable":true,"href":"https:\/\/stronarowerowa.pl\/index.php?rest_route=%2Fwp%2Fv2%2Fproduct_cat&post=236"},{"taxonomy":"product_tag","embeddable":true,"href":"https:\/\/stronarowerowa.pl\/index.php?rest_route=%2Fwp%2Fv2%2Fproduct_tag&post=236"}],"curies":[{"name":"wp","href":"https:\/\/api.w.org\/{rel}","templated":true}]}}