{"id":293,"date":"2026-01-21T13:21:56","date_gmt":"2026-01-21T12:21:56","guid":{"rendered":"http:\/\/drawsko.blinked.pl\/stronarowerowa.pl\/?product=rower-kross-level-mini-2-0"},"modified":"2026-01-21T14:21:45","modified_gmt":"2026-01-21T13:21:45","slug":"rower-kross-level-mini-2-0","status":"publish","type":"product","link":"https:\/\/stronarowerowa.pl\/?product=rower-kross-level-mini-2-0","title":{"rendered":"Rower KROSS LEVEL MINI 2.0"},"content":{"rendered":"<h1>LEVEL MINI 2.0 \u2013 Idealny rower dzieci\u0119cy do przyg\u00f3d na \u015bwie\u017cym powietrzu<\/h1>\n<p>KROSS Level Mini 2.0 to rower dzieci\u0119cy, kt\u00f3ry pomo\u017ce Twojemu dziecku nad\u0105\u017cy\u0107 za Tob\u0105 w trakcie rodzinnych wycieczek rowerowych. Bez wzgl\u0119du na to, czy planujecie jazd\u0119 po wyznaczonych \u015bcie\u017ckach rowerowych, czy wybieracie si\u0119 na przygod\u0119 poza miasto, ten model sprawdzi si\u0119 doskonale. Dzi\u0119ki swojej konstrukcji, KROSS Level Mini 2.0 oferuje wszystko, co potrzebne do bezpiecznej i komfortowej jazdy.<\/p>\n<h2>Przeznaczenie i zastosowanie<\/h2>\n<p>KROSS Level Mini 2.0 stworzony zosta\u0142 z my\u015bl\u0105 o m\u0142odych rowerzystach, kt\u00f3rzy pragn\u0105 odkrywa\u0107 \u015bwiat na dw\u00f3ch k\u00f3\u0142kach. Jego uniwersalny charakter sprawia, \u017ce doskonale sprawdza si\u0119 zar\u00f3wno w mie\u015bcie, jak i w terenie. Kr\u00f3tkie wycieczki w parku czy d\u0142u\u017csze eskapady na szlakach g\u00f3rskich \u2013 mo\u017cliwe jest wszystko, co zapewni wyj\u0105tkow\u0105 frajd\u0119 i rado\u015b\u0107 z jazdy.<\/p>\n<h2>Osprz\u0119t dostosowany do potrzeb dziecka<\/h2>\n<p>Rower KROSS Level Mini 2.0 zosta\u0142 wyposa\u017cony w nap\u0119d w systemie 1&#215;6, co zapewnia m\u0142odym rowerzystom pe\u0142n\u0105 kontrol\u0119 nad pr\u0119dko\u015bci\u0105 oraz \u0142atwo\u015b\u0107 pokonywania r\u00f3\u017cnych ukszta\u0142towa\u0144 terenu. Tylna przerzutka od renomowanej firmy Shimano to gwarancja trwa\u0142o\u015bci oraz precyzyjnej zmiany bieg\u00f3w. Dzieci mog\u0105 i\u015b\u0107 za ciosem, nie martwi\u0105c si\u0119 o mechanik\u0119, kt\u00f3ra zapewnia p\u0142ynno\u015b\u0107 w ka\u017cdej sytuacji.<\/p>\n<h3>Bezpiecze\u0144stwo na pierwszym miejscu<\/h3>\n<p>Kiedy m\u00f3wimy o rowerach dzieci\u0119cych, bezpiecze\u0144stwo jest kluczowe. KROSS Level Mini 2.0 zosta\u0142 wyposa\u017cony w hamulce v-brake, kt\u00f3re oferuj\u0105 wysok\u0105 si\u0142\u0119 hamowania. Te lekkie hamulce s\u0105 bardziej niezawodne w r\u00f3\u017cnych warunkach atmosferycznych i \u0142atwiejsze w obs\u0142udze co, w przypadku m\u0142odszych u\u017cytkownik\u00f3w, ma ogromne znaczenie. Dzieci mog\u0105 z \u0142atwo\u015bci\u0105 zatrzymywa\u0107 si\u0119 w ka\u017cdej chwili, co zwi\u0119ksza ich pewno\u015b\u0107 siebie podczas jazdy.<\/p>\n<h2>Innowacyjne technologie dla komfortu<\/h2>\n<p>Rama KROSS Level Mini 2.0 wykonana z aluminium 6061 to nowoczesne rozwi\u0105zanie, kt\u00f3re zapewnia wysok\u0105 wytrzyma\u0142o\u015b\u0107 i nisk\u0105 wag\u0119. Dzi\u0119ki temu rower jest sztywny i odporny na uszkodzenia, co jest istotnym atrybutem dla aktywnych dzieci. Amortyzowany widelec to kolejny atut, kt\u00f3ry znacznie poprawia komfort jazdy, \u0142agodz\u0105c wstrz\u0105sy przy nier\u00f3wno\u015bciach terenu i sprawiaj\u0105c, \u017ce ka\u017cda przygoda jest przyjemno\u015bci\u0105.<\/p>\n<h3>Przyjazna konstrukcja<\/h3>\n<p>Jednym z kluczowych aspekt\u00f3w w rowerze dzieci\u0119cym jest jego konstrukcja, kt\u00f3ra musi by\u0107 dostosowana do u\u017cytkownika. W KROSS Level Mini 2.0 zastosowano obni\u017cony przekrok ramy, co znacznie u\u0142atwia wsiadanie oraz zsiadanie z roweru. Dzieci nie maj\u0105 z tym \u017cadnych problem\u00f3w, co przyczynia si\u0119 do ich wi\u0119kszej samodzielno\u015bci i pewno\u015bci siebie na drodze. Jako dope\u0142nienie, opony o szeroko\u015bci 1,95 cala oferuj\u0105 doskona\u0142\u0105 przyczepno\u015b\u0107 i stabilno\u015b\u0107 na r\u00f3\u017cnych nawierzchniach.<\/p>\n<h2>Wyj\u0105tkowe wyko\u0144czenie i trwa\u0142o\u015b\u0107<\/h2>\n<p>Estetyka roweru KROSS Level Mini 2.0 r\u00f3wnie\u017c nie pozostaje bez znaczenia. Zastosowana technologia malowania proszkowego polega na nak\u0142adaniu naelektryzowanych cz\u0105stek farby, kt\u00f3re po obr\u00f3bce termicznej tworz\u0105 odporn\u0105 na uszkodzenia mechaniczne pow\u0142ok\u0119. Dzi\u0119ki temu rower zachowuje sw\u00f3j atrakcyjny wygl\u0105d przez d\u0142ugi czas, nawet w trudnych warunkach u\u017cytkowania.<\/p>\n<h2>Nie tylko rower, ale i przyjaciel na d\u0142ugie lata<\/h2>\n<p>KROSS Level Mini 2.0 to wi\u0119cej ni\u017c tylko rower. To prawdziwy partner w przygodach, kt\u00f3ry z pewno\u015bci\u0105 zaskarbi sobie sympati\u0119 ka\u017cdego m\u0142odego rowerzysty. Jego solidna konstrukcja, nowoczesne rozwi\u0105zania technologiczne i atrakcyjny design sprawiaj\u0105, \u017ce b\u0119dzie on wspania\u0142ym towarzyszem na wielu wycieczkach. Ka\u017cda chwila sp\u0119dzona na je\u017adzie na KROSS Level Mini 2.0 b\u0119dzie dla Twojego dziecka niezapomnianym do\u015bwiadczeniem oraz \u015bwietnym sposobem na aktywne sp\u0119dzanie czasu.<\/p>\n<p><strong>Specyfikacja:<\/strong><a href=\"https:\/\/kross.pl\/level-mini-2-0-zolty-czarny-polysk\" rel=\"nofollow\">https:\/\/kross.pl\/level-mini-2-0-zolty-czarny-polysk<\/a><\/p>\n","protected":false},"excerpt":{"rendered":"<p>LEVEL MINI 2.0 \u2013 Idealny rower dzieci\u0119cy do przyg\u00f3d na \u015bwie\u017cym powietrzu KROSS Level Mini 2.0 to rower dzieci\u0119cy, kt\u00f3ry pomo\u017ce Twojemu dziecku nad\u0105\u017cy\u0107 za Tob\u0105 w trakcie rodzinnych wycieczek rowerowych. Bez wzgl\u0119du na to, czy planujecie jazd\u0119 po wyznaczonych \u015bcie\u017ckach rowerowych, czy wybieracie si\u0119 na przygod\u0119 poza miasto, ten model sprawdzi si\u0119 doskonale. Dzi\u0119ki<\/p>\n","protected":false},"featured_media":292,"comment_status":"open","ping_status":"closed","template":"","meta":[],"product_brand":[16],"product_cat":[43,42],"product_tag":[],"class_list":{"0":"post-293","1":"product","2":"type-product","3":"status-publish","4":"has-post-thumbnail","6":"product_brand-kross","7":"product_cat-mlodziezowe","8":"product_cat-rowery","10":"first","11":"instock","12":"shipping-taxable","13":"purchasable","14":"product-type-simple"},"yoast_head":"<!-- This site is optimized with the Yoast SEO plugin v26.8 - https:\/\/yoast.com\/product\/yoast-seo-wordpress\/ -->\n<title>Rower KROSS LEVEL MINI 2.0 - Strona rowerowa - ulubiona strona ka\u017cdego rowerzysty<\/title>\n<meta name=\"robots\" content=\"index, follow, max-snippet:-1, max-image-preview:large, max-video-preview:-1\" \/>\n<link rel=\"canonical\" href=\"https:\/\/stronarowerowa.pl\/?product=rower-kross-level-mini-2-0\" \/>\n<meta property=\"og:locale\" content=\"pl_PL\" \/>\n<meta property=\"og:type\" content=\"article\" \/>\n<meta property=\"og:title\" content=\"Rower KROSS LEVEL MINI 2.0 - Strona rowerowa - ulubiona strona ka\u017cdego rowerzysty\" \/>\n<meta property=\"og:description\" content=\"LEVEL MINI 2.0 \u2013 Idealny rower dzieci\u0119cy do przyg\u00f3d na \u015bwie\u017cym powietrzu KROSS Level Mini 2.0 to rower dzieci\u0119cy, kt\u00f3ry pomo\u017ce Twojemu dziecku nad\u0105\u017cy\u0107 za Tob\u0105 w trakcie rodzinnych wycieczek rowerowych. Bez wzgl\u0119du na to, czy planujecie jazd\u0119 po wyznaczonych \u015bcie\u017ckach rowerowych, czy wybieracie si\u0119 na przygod\u0119 poza miasto, ten model sprawdzi si\u0119 doskonale. Dzi\u0119ki\" \/>\n<meta property=\"og:url\" content=\"https:\/\/stronarowerowa.pl\/?product=rower-kross-level-mini-2-0\" \/>\n<meta property=\"og:site_name\" content=\"Strona rowerowa - ulubiona strona ka\u017cdego rowerzysty\" \/>\n<meta property=\"article:modified_time\" content=\"2026-01-21T13:21:45+00:00\" \/>\n<meta property=\"og:image\" content=\"https:\/\/stronarowerowa.pl\/wp-content\/uploads\/2026\/01\/level-mini-20.jpg\" \/>\n\t<meta property=\"og:image:width\" content=\"950\" \/>\n\t<meta property=\"og:image:height\" content=\"720\" \/>\n\t<meta property=\"og:image:type\" content=\"image\/jpeg\" \/>\n<meta name=\"twitter:card\" content=\"summary_large_image\" \/>\n<meta name=\"twitter:label1\" content=\"Szacowany czas czytania\" \/>\n\t<meta name=\"twitter:data1\" content=\"3 minuty\" \/>\n<script type=\"application\/ld+json\" class=\"yoast-schema-graph\">{\"@context\":\"https:\/\/schema.org\",\"@graph\":[{\"@type\":\"WebPage\",\"@id\":\"https:\/\/stronarowerowa.pl\/?product=rower-kross-level-mini-2-0\",\"url\":\"https:\/\/stronarowerowa.pl\/?product=rower-kross-level-mini-2-0\",\"name\":\"Rower KROSS LEVEL MINI 2.0 - Strona rowerowa - ulubiona strona ka\u017cdego rowerzysty\",\"isPartOf\":{\"@id\":\"https:\/\/stronarowerowa.pl\/#website\"},\"primaryImageOfPage\":{\"@id\":\"https:\/\/stronarowerowa.pl\/?product=rower-kross-level-mini-2-0#primaryimage\"},\"image\":{\"@id\":\"https:\/\/stronarowerowa.pl\/?product=rower-kross-level-mini-2-0#primaryimage\"},\"thumbnailUrl\":\"https:\/\/stronarowerowa.pl\/wp-content\/uploads\/2026\/01\/level-mini-20.jpg\",\"datePublished\":\"2026-01-21T12:21:56+00:00\",\"dateModified\":\"2026-01-21T13:21:45+00:00\",\"breadcrumb\":{\"@id\":\"https:\/\/stronarowerowa.pl\/?product=rower-kross-level-mini-2-0#breadcrumb\"},\"inLanguage\":\"pl-PL\",\"potentialAction\":[{\"@type\":\"ReadAction\",\"target\":[\"https:\/\/stronarowerowa.pl\/?product=rower-kross-level-mini-2-0\"]}]},{\"@type\":\"ImageObject\",\"inLanguage\":\"pl-PL\",\"@id\":\"https:\/\/stronarowerowa.pl\/?product=rower-kross-level-mini-2-0#primaryimage\",\"url\":\"https:\/\/stronarowerowa.pl\/wp-content\/uploads\/2026\/01\/level-mini-20.jpg\",\"contentUrl\":\"https:\/\/stronarowerowa.pl\/wp-content\/uploads\/2026\/01\/level-mini-20.jpg\",\"width\":950,\"height\":720},{\"@type\":\"BreadcrumbList\",\"@id\":\"https:\/\/stronarowerowa.pl\/?product=rower-kross-level-mini-2-0#breadcrumb\",\"itemListElement\":[{\"@type\":\"ListItem\",\"position\":1,\"name\":\"Strona g\u0142\u00f3wna\",\"item\":\"https:\/\/stronarowerowa.pl\/\"},{\"@type\":\"ListItem\",\"position\":2,\"name\":\"Rower KROSS LEVEL MINI 2.0\"}]},{\"@type\":\"WebSite\",\"@id\":\"https:\/\/stronarowerowa.pl\/#website\",\"url\":\"https:\/\/stronarowerowa.pl\/\",\"name\":\"Strona rowerowa - ulubiona strona ka\u017cdego rowerzysty\",\"description\":\"\",\"potentialAction\":[{\"@type\":\"SearchAction\",\"target\":{\"@type\":\"EntryPoint\",\"urlTemplate\":\"https:\/\/stronarowerowa.pl\/?s={search_term_string}\"},\"query-input\":{\"@type\":\"PropertyValueSpecification\",\"valueRequired\":true,\"valueName\":\"search_term_string\"}}],\"inLanguage\":\"pl-PL\"}]}<\/script>\n<!-- \/ Yoast SEO plugin. -->","yoast_head_json":{"title":"Rower KROSS LEVEL MINI 2.0 - Strona rowerowa - ulubiona strona ka\u017cdego rowerzysty","robots":{"index":"index","follow":"follow","max-snippet":"max-snippet:-1","max-image-preview":"max-image-preview:large","max-video-preview":"max-video-preview:-1"},"canonical":"https:\/\/stronarowerowa.pl\/?product=rower-kross-level-mini-2-0","og_locale":"pl_PL","og_type":"article","og_title":"Rower KROSS LEVEL MINI 2.0 - Strona rowerowa - ulubiona strona ka\u017cdego rowerzysty","og_description":"LEVEL MINI 2.0 \u2013 Idealny rower dzieci\u0119cy do przyg\u00f3d na \u015bwie\u017cym powietrzu KROSS Level Mini 2.0 to rower dzieci\u0119cy, kt\u00f3ry pomo\u017ce Twojemu dziecku nad\u0105\u017cy\u0107 za Tob\u0105 w trakcie rodzinnych wycieczek rowerowych. Bez wzgl\u0119du na to, czy planujecie jazd\u0119 po wyznaczonych \u015bcie\u017ckach rowerowych, czy wybieracie si\u0119 na przygod\u0119 poza miasto, ten model sprawdzi si\u0119 doskonale. Dzi\u0119ki","og_url":"https:\/\/stronarowerowa.pl\/?product=rower-kross-level-mini-2-0","og_site_name":"Strona rowerowa - ulubiona strona ka\u017cdego rowerzysty","article_modified_time":"2026-01-21T13:21:45+00:00","og_image":[{"width":950,"height":720,"url":"https:\/\/stronarowerowa.pl\/wp-content\/uploads\/2026\/01\/level-mini-20.jpg","type":"image\/jpeg"}],"twitter_card":"summary_large_image","twitter_misc":{"Szacowany czas czytania":"3 minuty"},"schema":{"@context":"https:\/\/schema.org","@graph":[{"@type":"WebPage","@id":"https:\/\/stronarowerowa.pl\/?product=rower-kross-level-mini-2-0","url":"https:\/\/stronarowerowa.pl\/?product=rower-kross-level-mini-2-0","name":"Rower KROSS LEVEL MINI 2.0 - Strona rowerowa - ulubiona strona ka\u017cdego rowerzysty","isPartOf":{"@id":"https:\/\/stronarowerowa.pl\/#website"},"primaryImageOfPage":{"@id":"https:\/\/stronarowerowa.pl\/?product=rower-kross-level-mini-2-0#primaryimage"},"image":{"@id":"https:\/\/stronarowerowa.pl\/?product=rower-kross-level-mini-2-0#primaryimage"},"thumbnailUrl":"https:\/\/stronarowerowa.pl\/wp-content\/uploads\/2026\/01\/level-mini-20.jpg","datePublished":"2026-01-21T12:21:56+00:00","dateModified":"2026-01-21T13:21:45+00:00","breadcrumb":{"@id":"https:\/\/stronarowerowa.pl\/?product=rower-kross-level-mini-2-0#breadcrumb"},"inLanguage":"pl-PL","potentialAction":[{"@type":"ReadAction","target":["https:\/\/stronarowerowa.pl\/?product=rower-kross-level-mini-2-0"]}]},{"@type":"ImageObject","inLanguage":"pl-PL","@id":"https:\/\/stronarowerowa.pl\/?product=rower-kross-level-mini-2-0#primaryimage","url":"https:\/\/stronarowerowa.pl\/wp-content\/uploads\/2026\/01\/level-mini-20.jpg","contentUrl":"https:\/\/stronarowerowa.pl\/wp-content\/uploads\/2026\/01\/level-mini-20.jpg","width":950,"height":720},{"@type":"BreadcrumbList","@id":"https:\/\/stronarowerowa.pl\/?product=rower-kross-level-mini-2-0#breadcrumb","itemListElement":[{"@type":"ListItem","position":1,"name":"Strona g\u0142\u00f3wna","item":"https:\/\/stronarowerowa.pl\/"},{"@type":"ListItem","position":2,"name":"Rower KROSS LEVEL MINI 2.0"}]},{"@type":"WebSite","@id":"https:\/\/stronarowerowa.pl\/#website","url":"https:\/\/stronarowerowa.pl\/","name":"Strona rowerowa - ulubiona strona ka\u017cdego rowerzysty","description":"","potentialAction":[{"@type":"SearchAction","target":{"@type":"EntryPoint","urlTemplate":"https:\/\/stronarowerowa.pl\/?s={search_term_string}"},"query-input":{"@type":"PropertyValueSpecification","valueRequired":true,"valueName":"search_term_string"}}],"inLanguage":"pl-PL"}]}},"_links":{"self":[{"href":"https:\/\/stronarowerowa.pl\/index.php?rest_route=\/wp\/v2\/product\/293","targetHints":{"allow":["GET"]}}],"collection":[{"href":"https:\/\/stronarowerowa.pl\/index.php?rest_route=\/wp\/v2\/product"}],"about":[{"href":"https:\/\/stronarowerowa.pl\/index.php?rest_route=\/wp\/v2\/types\/product"}],"replies":[{"embeddable":true,"href":"https:\/\/stronarowerowa.pl\/index.php?rest_route=%2Fwp%2Fv2%2Fcomments&post=293"}],"wp:featuredmedia":[{"embeddable":true,"href":"https:\/\/stronarowerowa.pl\/index.php?rest_route=\/wp\/v2\/media\/292"}],"wp:attachment":[{"href":"https:\/\/stronarowerowa.pl\/index.php?rest_route=%2Fwp%2Fv2%2Fmedia&parent=293"}],"wp:term":[{"taxonomy":"product_brand","embeddable":true,"href":"https:\/\/stronarowerowa.pl\/index.php?rest_route=%2Fwp%2Fv2%2Fproduct_brand&post=293"},{"taxonomy":"product_cat","embeddable":true,"href":"https:\/\/stronarowerowa.pl\/index.php?rest_route=%2Fwp%2Fv2%2Fproduct_cat&post=293"},{"taxonomy":"product_tag","embeddable":true,"href":"https:\/\/stronarowerowa.pl\/index.php?rest_route=%2Fwp%2Fv2%2Fproduct_tag&post=293"}],"curies":[{"name":"wp","href":"https:\/\/api.w.org\/{rel}","templated":true}]}}