{"id":388,"date":"2026-01-21T13:31:04","date_gmt":"2026-01-21T12:31:04","guid":{"rendered":"http:\/\/drawsko.blinked.pl\/stronarowerowa.pl\/?product=rower-kross-move-2-0"},"modified":"2026-01-21T14:19:10","modified_gmt":"2026-01-21T13:19:10","slug":"rower-kross-move-2-0","status":"publish","type":"product","link":"https:\/\/stronarowerowa.pl\/?product=rower-kross-move-2-0","title":{"rendered":"Rower KROSS MOVE 2.0"},"content":{"rendered":"<h1>MOVE 2.0 &#8211; Rower crossowy, kt\u00f3ry \u0142\u0105czy miejskie dojazdy z le\u015bnymi wyprawami<\/h1>\n<h2>Solidna konstrukcja i wysoka jako\u015b\u0107 materia\u0142\u00f3w<\/h2>\n<p>KROSS Move 2.0 wyr\u00f3\u017cnia si\u0119 lekk\u0105, aluminiow\u0105 ram\u0105 wykonan\u0105 z wysokiej jako\u015bci stopu aluminium 6061. Dzi\u0119ki temu jest ona nie tylko sztywna i odporna na z\u0142amania, ale tak\u017ce stosunkowo lekka, co z pewno\u015bci\u0105 doceni\u0105 rowerzy\u015bci ceni\u0105cy sobie mobilno\u015b\u0107. Proszkowe malowanie ramy wp\u0142ywa na jej trwa\u0142o\u015b\u0107 oraz odporno\u015b\u0107 na uszkodzenia mechaniczne, co zapewnia d\u0142ugotrwa\u0142e u\u017cytkowanie w r\u00f3\u017cnych warunkach.<\/p>\n<h2>Komfort jazdy dzi\u0119ki zaawansowanym rozwi\u0105zaniom<\/h2>\n<p>Amortyzowany widelec SR Suntour ze skokiem 63 mm to kolejny atut KROSS Move 2.0, kt\u00f3ry pozwala na komfortowe pokonywanie zar\u00f3wno miejskich, jak i le\u015bnych tras. Kluczow\u0105 funkcjonalno\u015bci\u0105 jest mo\u017cliwo\u015b\u0107 blokady widelca, co umo\u017cliwia efektywne poruszanie si\u0119 po p\u0142askich odcinkach. W trudnym terenie, amortyzacja pozwala na swobodne pokonywanie przeszk\u00f3d, takich jak kraw\u0119\u017cniki, kamienie czy korzenie drzew, co sprawia, \u017ce rower jest niezwykle wszechstronny.<\/p>\n<h2>Wydajny nap\u0119d Shimano dla p\u0142ynnej jazdy<\/h2>\n<p>Rower KROSS Move 2.0 jest wyposa\u017cony w nap\u0119d Shimano w systemie 3&#215;8, oferuj\u0105cy 24 prze\u0142o\u017cenia, co umo\u017cliwia \u0142atwe dostosowywanie bieg\u00f3w do zmieniaj\u0105cych si\u0119 warunk\u00f3w na trasie. Tylna przerzutka z grupy Acera zapewnia nie tylko trwa\u0142o\u015b\u0107, ale i p\u0142ynno\u015b\u0107 zmiany prze\u0142o\u017ce\u0144, co sprawia, \u017ce jazda staje si\u0119 przyjemno\u015bci\u0105. Dzi\u0119ki r\u00f3\u017cnorodno\u015bci prze\u0142o\u017ce\u0144, rowerzysta zyskuje pe\u0142n\u0105 kontrol\u0119 nad ka\u017cdym etapem trasy, niezale\u017cnie od jej trudno\u015bci.<\/p>\n<h2>Bezpiecze\u0144stwo na pierwszym miejscu<\/h2>\n<p>KROSS Move 2.0 zosta\u0142 wyposa\u017cony w mechaniczne hamulce tarczowe, kt\u00f3re zapewniaj\u0105 wy\u017csz\u0105 si\u0142\u0119 hamowania w por\u00f3wnaniu do tradycyjnych hamulc\u00f3w v-brake. Ta technologia gwarantuje nie tylko skuteczno\u015b\u0107 hamowania, ale i niezawodno\u015b\u0107 w r\u00f3\u017cnych warunkach pogodowych. Mechaniczne zaciski u\u0142atwiaj\u0105 serwisowanie, co jest istotnym atutem podczas d\u0142u\u017cszych wycieczek rowerowych.<\/p>\n<h3>Innowacyjne technologie w KROSS Move 2.0<\/h3>\n<ul>\n<li><strong>Rama z systemem RHS:<\/strong> W przypadku uszkodzenia hak\u00f3w, istnieje mo\u017cliwo\u015b\u0107 ich szybkiej wymiany, co minimalizuje ryzyko zniszczenia ca\u0142ej ramy.<\/li>\n<li><strong>Post Mount:<\/strong> Wyeliminowanie zb\u0119dnych przej\u015bci\u00f3wek poprawia precyzj\u0119 hamowania oraz odprowadzanie ciep\u0142a, co zwi\u0119ksza \u017cywotno\u015b\u0107 hamulc\u00f3w.<\/li>\n<li><strong>Powder Coated:<\/strong> Malowanie proszkowe to nowoczesna metoda zapewniaj\u0105ca odporno\u015b\u0107 lakieru na uszkodzenia, co jest kluczowe dla zachowania estetyki roweru przez d\u0142ugi czas.<\/li>\n<\/ul>\n<h2>Idealny wyb\u00f3r dla ka\u017cdego rowerzysty<\/h2>\n<p>KROSS Move 2.0 to nie tylko rower do codziennych dojazd\u00f3w, ale r\u00f3wnie\u017c doskona\u0142e rozwi\u0105zanie dla tych, kt\u00f3rzy chc\u0105 sp\u0119dza\u0107 czas aktywnie w terenie. Jego wszechstronno\u015b\u0107 sprawia, \u017ce doskonale sprawdzi si\u0119 zar\u00f3wno na asfaltowych drogach miejskich, jak i w trudniejszych warunkach le\u015bnych. To po\u0142\u0105czenie jako\u015bci, technologii oraz komfortu sprawia, \u017ce jest to sprz\u0119t, kt\u00f3ry na pewno spe\u0142ni oczekiwania ka\u017cdego rowerzysty.<\/p>\n<p><strong>Specyfikacja:<\/strong><a href=\"https:\/\/kross.pl\/move-2-0-turkusowy-srebrny-polysk\" rel=\"nofollow\">https:\/\/kross.pl\/move-2-0-turkusowy-srebrny-polysk<\/a><\/p>\n","protected":false},"excerpt":{"rendered":"<p>MOVE 2.0 &#8211; Rower crossowy, kt\u00f3ry \u0142\u0105czy miejskie dojazdy z le\u015bnymi wyprawami Solidna konstrukcja i wysoka jako\u015b\u0107 materia\u0142\u00f3w KROSS Move 2.0 wyr\u00f3\u017cnia si\u0119 lekk\u0105, aluminiow\u0105 ram\u0105 wykonan\u0105 z wysokiej jako\u015bci stopu aluminium 6061. Dzi\u0119ki temu jest ona nie tylko sztywna i odporna na z\u0142amania, ale tak\u017ce stosunkowo lekka, co z pewno\u015bci\u0105 doceni\u0105 rowerzy\u015bci ceni\u0105cy sobie<\/p>\n","protected":false},"featured_media":387,"comment_status":"open","ping_status":"closed","template":"","meta":[],"product_brand":[16],"product_cat":[37,42],"product_tag":[],"class_list":{"0":"post-388","1":"product","2":"type-product","3":"status-publish","4":"has-post-thumbnail","6":"product_brand-kross","7":"product_cat-crossowe","8":"product_cat-rowery","10":"first","11":"instock","12":"shipping-taxable","13":"product-type-simple"},"yoast_head":"<!-- This site is optimized with the Yoast SEO plugin v26.8 - https:\/\/yoast.com\/product\/yoast-seo-wordpress\/ -->\n<title>Rower KROSS MOVE 2.0 - Strona rowerowa - ulubiona strona ka\u017cdego rowerzysty<\/title>\n<meta name=\"robots\" content=\"index, follow, max-snippet:-1, max-image-preview:large, max-video-preview:-1\" \/>\n<link rel=\"canonical\" href=\"https:\/\/stronarowerowa.pl\/?product=rower-kross-move-2-0\" \/>\n<meta property=\"og:locale\" content=\"pl_PL\" \/>\n<meta property=\"og:type\" content=\"article\" \/>\n<meta property=\"og:title\" content=\"Rower KROSS MOVE 2.0 - Strona rowerowa - ulubiona strona ka\u017cdego rowerzysty\" \/>\n<meta property=\"og:description\" content=\"MOVE 2.0 &#8211; Rower crossowy, kt\u00f3ry \u0142\u0105czy miejskie dojazdy z le\u015bnymi wyprawami Solidna konstrukcja i wysoka jako\u015b\u0107 materia\u0142\u00f3w KROSS Move 2.0 wyr\u00f3\u017cnia si\u0119 lekk\u0105, aluminiow\u0105 ram\u0105 wykonan\u0105 z wysokiej jako\u015bci stopu aluminium 6061. Dzi\u0119ki temu jest ona nie tylko sztywna i odporna na z\u0142amania, ale tak\u017ce stosunkowo lekka, co z pewno\u015bci\u0105 doceni\u0105 rowerzy\u015bci ceni\u0105cy sobie\" \/>\n<meta property=\"og:url\" content=\"https:\/\/stronarowerowa.pl\/?product=rower-kross-move-2-0\" \/>\n<meta property=\"og:site_name\" content=\"Strona rowerowa - ulubiona strona ka\u017cdego rowerzysty\" \/>\n<meta property=\"article:modified_time\" content=\"2026-01-21T13:19:10+00:00\" \/>\n<meta property=\"og:image\" content=\"https:\/\/stronarowerowa.pl\/wp-content\/uploads\/2026\/01\/move-20.jpg\" \/>\n\t<meta property=\"og:image:width\" content=\"950\" \/>\n\t<meta property=\"og:image:height\" content=\"720\" \/>\n\t<meta property=\"og:image:type\" content=\"image\/jpeg\" \/>\n<meta name=\"twitter:card\" content=\"summary_large_image\" \/>\n<meta name=\"twitter:label1\" content=\"Szacowany czas czytania\" \/>\n\t<meta name=\"twitter:data1\" content=\"2 minuty\" \/>\n<script type=\"application\/ld+json\" class=\"yoast-schema-graph\">{\"@context\":\"https:\/\/schema.org\",\"@graph\":[{\"@type\":\"WebPage\",\"@id\":\"https:\/\/stronarowerowa.pl\/?product=rower-kross-move-2-0\",\"url\":\"https:\/\/stronarowerowa.pl\/?product=rower-kross-move-2-0\",\"name\":\"Rower KROSS MOVE 2.0 - Strona rowerowa - ulubiona strona ka\u017cdego rowerzysty\",\"isPartOf\":{\"@id\":\"https:\/\/stronarowerowa.pl\/#website\"},\"primaryImageOfPage\":{\"@id\":\"https:\/\/stronarowerowa.pl\/?product=rower-kross-move-2-0#primaryimage\"},\"image\":{\"@id\":\"https:\/\/stronarowerowa.pl\/?product=rower-kross-move-2-0#primaryimage\"},\"thumbnailUrl\":\"https:\/\/stronarowerowa.pl\/wp-content\/uploads\/2026\/01\/move-20.jpg\",\"datePublished\":\"2026-01-21T12:31:04+00:00\",\"dateModified\":\"2026-01-21T13:19:10+00:00\",\"breadcrumb\":{\"@id\":\"https:\/\/stronarowerowa.pl\/?product=rower-kross-move-2-0#breadcrumb\"},\"inLanguage\":\"pl-PL\",\"potentialAction\":[{\"@type\":\"ReadAction\",\"target\":[\"https:\/\/stronarowerowa.pl\/?product=rower-kross-move-2-0\"]}]},{\"@type\":\"ImageObject\",\"inLanguage\":\"pl-PL\",\"@id\":\"https:\/\/stronarowerowa.pl\/?product=rower-kross-move-2-0#primaryimage\",\"url\":\"https:\/\/stronarowerowa.pl\/wp-content\/uploads\/2026\/01\/move-20.jpg\",\"contentUrl\":\"https:\/\/stronarowerowa.pl\/wp-content\/uploads\/2026\/01\/move-20.jpg\",\"width\":950,\"height\":720},{\"@type\":\"BreadcrumbList\",\"@id\":\"https:\/\/stronarowerowa.pl\/?product=rower-kross-move-2-0#breadcrumb\",\"itemListElement\":[{\"@type\":\"ListItem\",\"position\":1,\"name\":\"Strona g\u0142\u00f3wna\",\"item\":\"https:\/\/stronarowerowa.pl\/\"},{\"@type\":\"ListItem\",\"position\":2,\"name\":\"Rower KROSS MOVE 2.0\"}]},{\"@type\":\"WebSite\",\"@id\":\"https:\/\/stronarowerowa.pl\/#website\",\"url\":\"https:\/\/stronarowerowa.pl\/\",\"name\":\"Strona rowerowa - ulubiona strona ka\u017cdego rowerzysty\",\"description\":\"\",\"potentialAction\":[{\"@type\":\"SearchAction\",\"target\":{\"@type\":\"EntryPoint\",\"urlTemplate\":\"https:\/\/stronarowerowa.pl\/?s={search_term_string}\"},\"query-input\":{\"@type\":\"PropertyValueSpecification\",\"valueRequired\":true,\"valueName\":\"search_term_string\"}}],\"inLanguage\":\"pl-PL\"}]}<\/script>\n<!-- \/ Yoast SEO plugin. -->","yoast_head_json":{"title":"Rower KROSS MOVE 2.0 - Strona rowerowa - ulubiona strona ka\u017cdego rowerzysty","robots":{"index":"index","follow":"follow","max-snippet":"max-snippet:-1","max-image-preview":"max-image-preview:large","max-video-preview":"max-video-preview:-1"},"canonical":"https:\/\/stronarowerowa.pl\/?product=rower-kross-move-2-0","og_locale":"pl_PL","og_type":"article","og_title":"Rower KROSS MOVE 2.0 - Strona rowerowa - ulubiona strona ka\u017cdego rowerzysty","og_description":"MOVE 2.0 &#8211; Rower crossowy, kt\u00f3ry \u0142\u0105czy miejskie dojazdy z le\u015bnymi wyprawami Solidna konstrukcja i wysoka jako\u015b\u0107 materia\u0142\u00f3w KROSS Move 2.0 wyr\u00f3\u017cnia si\u0119 lekk\u0105, aluminiow\u0105 ram\u0105 wykonan\u0105 z wysokiej jako\u015bci stopu aluminium 6061. Dzi\u0119ki temu jest ona nie tylko sztywna i odporna na z\u0142amania, ale tak\u017ce stosunkowo lekka, co z pewno\u015bci\u0105 doceni\u0105 rowerzy\u015bci ceni\u0105cy sobie","og_url":"https:\/\/stronarowerowa.pl\/?product=rower-kross-move-2-0","og_site_name":"Strona rowerowa - ulubiona strona ka\u017cdego rowerzysty","article_modified_time":"2026-01-21T13:19:10+00:00","og_image":[{"width":950,"height":720,"url":"https:\/\/stronarowerowa.pl\/wp-content\/uploads\/2026\/01\/move-20.jpg","type":"image\/jpeg"}],"twitter_card":"summary_large_image","twitter_misc":{"Szacowany czas czytania":"2 minuty"},"schema":{"@context":"https:\/\/schema.org","@graph":[{"@type":"WebPage","@id":"https:\/\/stronarowerowa.pl\/?product=rower-kross-move-2-0","url":"https:\/\/stronarowerowa.pl\/?product=rower-kross-move-2-0","name":"Rower KROSS MOVE 2.0 - Strona rowerowa - ulubiona strona ka\u017cdego rowerzysty","isPartOf":{"@id":"https:\/\/stronarowerowa.pl\/#website"},"primaryImageOfPage":{"@id":"https:\/\/stronarowerowa.pl\/?product=rower-kross-move-2-0#primaryimage"},"image":{"@id":"https:\/\/stronarowerowa.pl\/?product=rower-kross-move-2-0#primaryimage"},"thumbnailUrl":"https:\/\/stronarowerowa.pl\/wp-content\/uploads\/2026\/01\/move-20.jpg","datePublished":"2026-01-21T12:31:04+00:00","dateModified":"2026-01-21T13:19:10+00:00","breadcrumb":{"@id":"https:\/\/stronarowerowa.pl\/?product=rower-kross-move-2-0#breadcrumb"},"inLanguage":"pl-PL","potentialAction":[{"@type":"ReadAction","target":["https:\/\/stronarowerowa.pl\/?product=rower-kross-move-2-0"]}]},{"@type":"ImageObject","inLanguage":"pl-PL","@id":"https:\/\/stronarowerowa.pl\/?product=rower-kross-move-2-0#primaryimage","url":"https:\/\/stronarowerowa.pl\/wp-content\/uploads\/2026\/01\/move-20.jpg","contentUrl":"https:\/\/stronarowerowa.pl\/wp-content\/uploads\/2026\/01\/move-20.jpg","width":950,"height":720},{"@type":"BreadcrumbList","@id":"https:\/\/stronarowerowa.pl\/?product=rower-kross-move-2-0#breadcrumb","itemListElement":[{"@type":"ListItem","position":1,"name":"Strona g\u0142\u00f3wna","item":"https:\/\/stronarowerowa.pl\/"},{"@type":"ListItem","position":2,"name":"Rower KROSS MOVE 2.0"}]},{"@type":"WebSite","@id":"https:\/\/stronarowerowa.pl\/#website","url":"https:\/\/stronarowerowa.pl\/","name":"Strona rowerowa - ulubiona strona ka\u017cdego rowerzysty","description":"","potentialAction":[{"@type":"SearchAction","target":{"@type":"EntryPoint","urlTemplate":"https:\/\/stronarowerowa.pl\/?s={search_term_string}"},"query-input":{"@type":"PropertyValueSpecification","valueRequired":true,"valueName":"search_term_string"}}],"inLanguage":"pl-PL"}]}},"_links":{"self":[{"href":"https:\/\/stronarowerowa.pl\/index.php?rest_route=\/wp\/v2\/product\/388","targetHints":{"allow":["GET"]}}],"collection":[{"href":"https:\/\/stronarowerowa.pl\/index.php?rest_route=\/wp\/v2\/product"}],"about":[{"href":"https:\/\/stronarowerowa.pl\/index.php?rest_route=\/wp\/v2\/types\/product"}],"replies":[{"embeddable":true,"href":"https:\/\/stronarowerowa.pl\/index.php?rest_route=%2Fwp%2Fv2%2Fcomments&post=388"}],"wp:featuredmedia":[{"embeddable":true,"href":"https:\/\/stronarowerowa.pl\/index.php?rest_route=\/wp\/v2\/media\/387"}],"wp:attachment":[{"href":"https:\/\/stronarowerowa.pl\/index.php?rest_route=%2Fwp%2Fv2%2Fmedia&parent=388"}],"wp:term":[{"taxonomy":"product_brand","embeddable":true,"href":"https:\/\/stronarowerowa.pl\/index.php?rest_route=%2Fwp%2Fv2%2Fproduct_brand&post=388"},{"taxonomy":"product_cat","embeddable":true,"href":"https:\/\/stronarowerowa.pl\/index.php?rest_route=%2Fwp%2Fv2%2Fproduct_cat&post=388"},{"taxonomy":"product_tag","embeddable":true,"href":"https:\/\/stronarowerowa.pl\/index.php?rest_route=%2Fwp%2Fv2%2Fproduct_tag&post=388"}],"curies":[{"name":"wp","href":"https:\/\/api.w.org\/{rel}","templated":true}]}}